1 - -1) - -2
-2
What is the value of 0 + 1 - (-11 - -25 - 12)?
-1
Evaluate 11 + -11 - (2 + 0).
-2
What is -3 + (15 - 7 - 7)?
-2
What is 2 - (7 + 6 + -7 + -1)?
-3
Calculate 3 + (1 - (0 + -1) - 6).
-1
What is the value of -3 - (3 - 1) - -7?
2
0 + (-6 - (0 + -4))
-2
What is the value of -5 + (3 - (5 - 5))?
-2
What is the value of (-1 - 0) + (-2 - 0) - -3?
0
What is the value of -2 + (11 - 1) - (-32 + 37)?
3
Calculate 2 + (3 - (4 - (4 + -4))).
1
What is -82 + 76 - (0 - 0)?
-6
9 + 1 - (-8 - -17)
1
What is the value of 7 + (-3 - -1) + -6?
-1
(3 - (5 + -3)) + 1
2
What is -5 - (2 - 12) - 5?
0
Evaluate -11 + -13 + 30 - (0 + 5).
1
What is -2 + 0 + -5 + 8 + 2?
3
Calculate -4 - 0 - ((-7 - -3) + -1).
1
What is 84 - 76 - (0 + 8)?
0
Evaluate -12 - -16 - (0 + 0).
4
Evaluate -5 - 3 - (-2 - -1) - -7.
0
-4 + -2 + (8 - 4)
-2
What is 1 + 0 + 46 + -51?
-4
Evaluate 5 + (-5 - (-10 + 2)).
8
Evaluate 5 + -1 + (-15 + 4 - -2).
-5
What is 1 + -1 - (-6 + -4 + 6)?
4
Evaluate 19 + -22 - (-8 + -1).
6
Evaluate 2 - ((7 - 17) + 5).
7
(-10 - -5) + (1 - -5)
1
Calculate -4 + (-1 - (1 - (0 - 1))).
-7
What is 2 + 4 - (11 + 0) - -8?
3
Calculate 8 + -6 + -13 + 10.
-1
What is the value of (-8 - -12) + 0 + -2 - 4?
-2
What is -9 - -7 - (-1 + 3)?
-4
What is 43 - 36 - (7 - -1)?
-1
Evaluate 3 + (-5 - (0 + -4)).
2
What is the value of -3 - (1 - 0) - (-7 + 4)?
-1
(7 - 8) + -1 + 1 + -2
-3
Evaluate 2 + (9 - 4) - 0 - 3.
4
Evaluate -3 + 7 + -4 - -1.
1
Calculate 5 - ((7 - -5) + -2) - -6.
1
Calculate 0 + -11 + 9 + 8.
6
Calculate (2 - 12) + 4 + 2.
-4
(2 - (-9 - -4)) + -2
5
Calculate 7 - (-6 - (4 + -19)).
-2
Calculate (5 - 12) + 11 - 6.
-2
Evaluate -1 + 8 + 10 + -21.
-4
What is the value of -1 + -3 + (-3 - -7)?
0
What is the value of 1 - -1 - (9 + -4)?
-3
What is the value of 5 + 0 - (3 + -3)?
5
Evaluate -9 - (-7 + (3 - 0)).
-5
What is the value of 1 - (5 - -1) - -6?
1
What is -2 + 7 - (-4 + 11) - -5?
3
6 + (-9 - -3) + (5 - 0)
5
Evaluate 2 - ((1 - 2) + 1).
2
Calculate 2 - 0 - (6 - (1 - -6)).
3
What is (-2 - -5 - 4) + 6?
5
What is the value of 1 - -3 - (-10 + 9 - -5)?
0
5 - (-5 - (2 + -8 + -1))
3
What is the value of 17 + -3 - (70 + -49)?
-7
4 - (8 + (5 - 7) + -6)
4
Evaluate -2 + -2 + (-1 - -4).
-1
3 + (-2 - (4 + -3))
0
0 + -2 + (315 - 303)
10
What is the value of (-52 - -54) + (-6 - 0)?
-4
3 + 2 + 0 + -7 + 1
-1
What is (21 - 3) + (-65 - -55)?
8
What is the value of 3 + 0 + (11 - 14) + 1?
1
Evaluate -6 - -6 - 1 - 3.
-4
What is the value of 4 + 3 + (2 - 3)?
6
Calculate -2 - ((-2 - -5) + -7).
2
Evaluate 5 - (2 + 1 + 7).
-5
What is the value of -6 + (9 - (6 - (-4 - -9)))?
2
What is the value of 0 - 5 - (-2 - -10 - 4)?
-9
Calculate (-9 + 3 - (-4 + -6)) + -3.
1
What is 6 + -2 + 3 + (31 - 34)?
4
Calculate 0 + -9 + 5 + 7.
3
What is (4 - (4 + -5)) + -1?
4
Evaluate 2 + 1 - (-1 - -5).
-1
What is (-24 - -23) + -1 + 4?
2
What is (-51 - -45) + (5 - -2)?
1
What is the value of (3 - 8) + (-3 - -11)?
3
Evaluate -30 + 34 - (0 - -4).
0
What is -11 + 11 + 4 + -4?
0
Calculate (-1 + 1 - (-13 - -9)) + -1.
3
Calculate 1 + 0 - (-7 - (-8 - -2)).
2
Calculate -5 + 2 + (-2 - -8).
3
What is the value of -7 + -1 + -1 + 22 + -6?
7
What is the value of (-6 - -2) + (4 - 8) + 7?
-1
What is (-1 + -2 - -2 - -3) + -6?
-4
Calculate -3 + 8 - (1 + 4).
0
What is the value of (-9 - -2 - -12) + (1 - 10)?
-4
-21 + 18 - (1 + -7)
3
Calculate -7 - -12 - (0 + 0).
5
Calculate 0 - 1 - -2 - 4.
-3
What is the value of (1 - (-1 - -4)) + 0 - -3?
1
0 - (0 - (-2 + (0 - -3)))
1
Calculate 6 - ((-5 - (0 - 7)) + -6).
10
(-1 - 4) + 14 + (2 - 6)
5
8 - (-6 + 10 + -6)
10
-1 - -6 - (3 - (7 - 6))
3
-1 - 1 - (53 - 57)
2
2 - (7 - 2) - (5 - 7)
-1
-7 - ((-3 - -3) + 1 + -4)
-4
What is the value of -1 - (1 + 0 - 0 - 3)?
1
Calculate -3 + -10 + (-3 - -2 - -7).
-7
Calculate -3 - (-34 - -38 - (11 - 1)).
3
Evaluate (2 - 0) + -8 + 4 + 0.
-2
Calculate 4 + -3 + 0 - (1 - 2).
2
-18 - -22 - (-2 + 1)
5
Evaluate 7 + -11 - (-3 + -1 + -2).
2
Evaluate (-1 + 12 + -8 - 5) + -7.
-9
3 + (-6 - (0 - 1))
-2
Evaluate -7 + 8 + -1 + 0 - -3.
3
Evaluate (5 - 5) + 3 + -3.
0
What is 3 + 1 + (-1 - 1)?
2
Calculate -3 + (3 + -1 - -4).
3
What is the value of -1 - 0 - 0 - (-8 + 6)?
1
(6 - 15 - -5) + 2 + -1
-3
Calculate -1 - -1 - (-2 + -5 + 4).
3
Evaluate -106 + 99 - (-5 - 1).
-1
2 + (2 - -4) + -4
4
Evaluate -9 + (-2 + -6 - -16).
-1
Calculate 3 + 1 + (-6 + 0 - -2).
0
-4 - -3 - -1 - (-20 + 15)
5
-2 - (0 + (10 - 9))
-3
What is 4 + -5 - (4 + 1)?
-6
What is 2 + (-5 - 4 - -5)?
-2
What is the value of 6 - (-2 - -7) - 7?
-6
What is 6 - 1 - (-12 - -12)?
5
What is the value of 4 - -1 - (7 + -3 + 2)?
-1
What is the value of (5 - -6 - 12) + -1?
-2
What is the value of 0 - (5 + -4 - 8)?
7
What is (4 - (5 + -1)) + -1 + 0?
-1
What is -3 + -2 + 7 + -1?
1
-3 + 6 + 3 + -5
1
What is -3 - -5 - (-2 - -2 - -4)?
-2
What is the value of -4 + (-5 - 1 - -7) - -6?
3
Calculate 2 + 0 - 2 - 2.
-2
Evaluate -1 + 1 + -1 - 7.
-8
Evaluate 0 + 2 - (18 - 16).
0
Evaluate 0 + 4 + -3 - (-2 - 0).
3
Evaluate -1 - (1 + -1 + -2).
1
What is -155 + 155 - (-2 - -1 - 1)?
2
Calculate 17 + -5 - 5 - (6 - 2).
3
Calculate -1 - (7 - 8) - -5.
5
Evaluate -3 + 0 + 3 + 9.
9
Evaluate -5 - ((4 - -1) + -1 + -12).
3
Calculate -6 + (4 - (6 + -9)).
1
Evaluate 3 - 13 - (1 + -13).
2
Calculate 13 - 20 - 4 - -1.
-10
What is -5 - 4 - (0 - 3)?
-6
Evaluate 0 - (-7 - (-1 - 1)) - 8.
-3
What is -10 - (6 - 6) - -12?
2
What is -2 + (-16 - -20) + -8 + 0?
-6
What is -3 - ((-12 - (2 + -6)) + 5)?
0
What is -1 + 11 + -6 + -11?
-7
-1 - (7 - (2 - -4))
-2
What is 0 + (2 - 5 - (0 + -4))?
1
What is -3 - (-5 + 3) - -4?
3
Calculate 0 - (0 + -4 + -6 + 1).
9
What is the value of (1 - -1 - 5) + (-24 - -19)?
-8
Calculate -4 - ((8 - 1) + -5 - 3).
-3
What is 4 - -2 - 2 - 4?
0
Calculate -7 - (-7 + (-7 - -8)).
-1
Calculate -2 + (-5 + 7 - 4).
-4
What is the value of 67 + -48 - (1 - -13)?
5
Calculate (-31 - -38) + (1 - 2).
6
What is the value of -6 + (-2 - (-6 - -7 - 4))?
-5
1 - (5 + -1) - (-1 - 3)
1
What is the value of (12 - 14) + 1 - (1 + -3)?
1
What is -7 + 2 + -1 + (-1 - -4)?
-3
Evaluate -19 + -1 - -8 - -7.
-5
-1 + -1 - 2 - -3
-1
What is 1 + -2 - (3 - 9 - -5)?
0
What is the value of 1 + -1 + 4 + -2 + 0?
2
What is 6 - (0 + 2 + (-9 - -7))?
6
Calculate (1 - 3) + 2 + 4.
4
What is the value of (-4 + 10 - -2) + -7?
1
Calculate -5 + (-1 - 3) + 3 + 0.
-6
What is (-2 - (-10 + 1)) + -46 + 44?
5
Calculate 0 + -5 - (-6 + -5).
6
What is the value of (-42 - -46) + (-2 - 2)?
0
What is 2 + (-6 - -5 - (0 - -1))?
0
-1 + -7 - (-12 - -9)
-5
Calculate (0 - 1) + (-38 - -38).
-1
What is (0 - -6) + 3 + -6?
3
What is the value of -2 + 7 - (-2 + 9 + -9)?
7
Calculate -50 - -46 - (1 + -1 + 1).
-5
2 - 0 - (-14 + 4 + 17)
-5
-3 - (-2 + 0 - (-5 - -7))
1
What is 9 + -2 - (2 - 1)?
6
What is the value of (4 + -4 - 0 - 3) + 2?
-1
Evaluate -2 + -1 + 1 + (5 - -2).
5
Evaluate -3 + (-3 - 0 - (2 - 0)).
-8
-5 + (5 + -5 - -1) + -3
-7
What is the value of 6 - ((12 - 2) + 6 + -8)?
-2
What is the value of -1 + 0 - (3 + -11 + 14)?
-7
What is the value of 0 + -1 - (12 - 13)?
0
Calculate -7 + (-5 - -10) - (-9 + 0).
7
What is 0 + -2 - (2 + (-3 - 2))?
1
Evaluate -10 + (-1 - -5 - -3).
-3
What is the value of (1 - 4) + (5 - (8 + -6))?
0
-3 - (-5 + 11 - 20)
11
-3 + 6 - (-5 - (-4 + 1))
5
-7 + -2 - (28 - 31)
-6
Calculate (-1 - -2) + (1 - (0 + 3)).
-1
-7 + (13 - (2 - 4)) - 1
7
Evaluate (2 - 0) + -12 + 13.
3
Calculate (-1 - 0) + -1 + 13 + -6.
5
Evaluate 3 - -6 - 6 - 3.
0
-3 - (-7 + -1) - -1
6
Calculate 5 + -2 - (19 + -6 - 5).
-5
Calculate (-3 + -11 - -23) + 2.
11
Evaluate -7 + (-14 - -12) + (1 - -4).
-4
What is the value of -3 - ((1 - -3) + (-6 - 3))?
2
Evaluate -6 - (0 + -1) - (-7 - 3).
5
What is -10 - (-12 + 1 + 6 - -2)?
-7
Evaluate (1 - -2 - 3) + -25 + 22.
-3
(-8 - (11 + -9)) + 8
-2
What is -2 + 10 + (-1 - (0 + 2))?
5
Calculate 12 - (15 + -9 + 6).
0
What is the value of 0 + 1 + (-2 + -2 - -3)?
0
Evaluate 2 - (3 + 2 + -12 + 4).
5
What is (7 + -3 - 9) + 8?
3
Calculate (158 - 151) + -7 + 0.
0
What is (-8 - (-2 + -3)) + 1 - -2?
0
What is -5 + (-8 + 16 - 4)?
-1
Evaluate -6 + 20 + -9 + -7 + 1.
-1
Calculate (3 - (2 - -5 - 0)) + 1.
-3
What is the value of 4 + -2 + -3 + -5 + 5?
-1
What is (-6 - (-9 + 4)) + (16 - 12)?
3
Calculate 0 + 5 - (23 - 25).
7
Calculate -7 + 9 + 2 - 0.
4
Calculate 4 - ((-5 - -9) + -2 - -1).
1
Calculate -1 + 3 + -1 + -76 + 77.
2
-6 - 